e prime factors of 2/(-10) + -1 + 902/z.
89
Suppose -r + 4*n = -8, 3*r + 63 - 65 = n. Suppose -33*d + 21*d + 6408 = r. List the prime factors of d.
2, 3, 89
Suppose 3*m = -15, -163*g + 166*g - 129093 = 6*m. List the prime factors of g.
11, 3911
Suppose -10500 = 49*j - 54*j. Suppose -4*m + j = -9*m - 2*u, 3*m - 3*u + 1260 = 0. What are the prime factors of ((-68)/85)/(2/m)?
2, 3, 7
Suppose -2*m = -4*v + 107240, 3*m - 38970 = -2*v + 14674. List the prime factors of v.
26813
Suppose 23*u = 4277 - 14765. Let x = u + 913. List the prime factors of x.
457
Let k(f) = -336*f - 25. Let r be k(-4). Suppose 3*h - r = -2*b, -2*h + b + 772 = -119. What are the prime factors of h?
443
Suppose -1051781 = -57*t + 1474080 - 700664. List the prime factors of t.
11, 41, 71
Let l be 24/14 + 74/259. Suppose -3*v - 798 = -3*p, -4*p + l*v = -6*p + 544. What are the prime factors of p?
269
What are the prime factors of -3 - (11/(-55) + 12/10 + -3762)?
2, 1879
Suppose -4*n + 7 = g, 4*n - 1 = -2*g + 5. Let m(o) = 4*o**3 + 16*o**3 + 5*o - 40*o**3 + 3*o**n + 4. What are the prime factors of m(-2)?
2, 83
Let q = 1797 - 1471. List the prime factors of q.
2, 163
Let q(f) = f**3 - 7*f**2 - 67*f - 1056. What are the prime factors of q(40)?
2, 6133
Let r be 4 + -10 + 1 - -364. Suppose -7*p + 6*p = -236. Let q = r - p. List the prime factors of q.
3, 41
Let o(h) = 1. Let q(a) = 55*a - 118. Let z(n) = -4*o(n) - q(n). List the prime factors of z(-8).
2, 277
Let g(w) = w**3 + 30*w**2 - 6*w + 102. What are the prime factors of g(23)?
28001
Suppose -3*f + 0*f - t = 113, -5*t = 2*f + 58. Let y = 48 + f. Suppose 5*l = y*l - 640. What are the prime factors of l?
2, 5
Let b(p) be the first derivative of p**3 + 3*p**2/2 - 17*p - 7. Let z(i) be the first derivative of b(i). List the prime factors of z(13).
3
Let r(w) = -2*w**3 - 4*w**2 - 2*w + 1. Let j be r(-3). List the prime factors of 81 - (-4)/((-20)/j).
2, 19
Let z(u) = 840*u - 5040. What are the prime factors of z(11)?
2, 3, 5, 7
Let c = -25 + 37. Let z be (-111)/(-4) + 3/c. What are the prime factors of (-4)/6*(-4)/(z/945)?
2, 3, 5
Suppose 4*m + 3*x + 17419 = 60201, 3*x = -m + 10709. List the prime factors of m.
10691
Let c(v) = 1345*v - 1397. List the prime factors of c(12).
23, 641
Let o(r) = -r**3 + 10*r**2 - 28*r + 33. Let t be o(6). Suppose t*h - 5952 = 5784. List the prime factors of h.
2, 163
Let m(o) = 389*o + 781. Let q be m(-2). Suppose 0 = 2*w - 3*w + 3. Suppose w*r = 3*s + 492, q*r - 2*s = -s + 492. What are the prime factors of r?
2, 41
Suppose 15*m - 9*m = 1590. Let d = -36 + m. What are the prime factors of d?
229
Let f(u) = -89*u**2 + 67*u + 12. Let r(m) = -45*m**2 + 38*m + 7. Let o(s) = -4*f(s) + 7*r(s). Suppose 0*g - 3*g = -6. What are the prime factors of o(g)?
7, 23
Suppose -2*p = -8*p + 3*p. Suppose 4*r - t = -p*r - 109, -t + 137 = -5*r. Let x = r - -80. What are the prime factors of x?
2, 13
Suppose 651664 = 24*s - 29240. What are the prime factors of s?
3, 7, 193
Let o = 47 + -47. Suppose o = 5*j - 7 - 3. Suppose 2*y + c = 67, j*y - 43 - 33 = -4*c. List the prime factors of y.
2
Let p be (-47)/5 + 10/25. Let a(v) be the first derivative of 2*v**3/3 + 9*v**2/2 - 5*v - 123. List the prime factors of a(p).
2, 19
Suppose 5*p = p + 8. Suppose 4 = 4*a, 8*x - 11*x + 108 = -3*a. Suppose 4*j + 4*v = -v + 136, j + p*v = x. List the prime factors of j.
29
Suppose 0 = 2*r + 7*n - 3*n, 3*r + n = 10. Suppose -r*x + 20*x = 9664. List the prime factors of x.
2, 151
Suppose -219*s + 223*s = 12. Let o(q) be the first derivative of 20*q**2 - 7*q - 1. List the prime factors of o(s).
113
Suppose c + 1 = 0, q + 8*c - 45 = 3*c. Suppose 14*r - q = 12*r. Suppose 27*m = r*m + 208. List the prime factors of m.
2, 13
Let v = -17450 - -26407. Suppose 52*f = 65*f - v. List the prime factors of f.
13, 53
Let w(s) = -3*s - 13. Let p be w(-5). Suppose 0 = 3*h + 2*n - 3830, -3*h + 3824 = p*n + 3*n. List the prime factors of h/30 + 4/10.
43
Suppose 3370 = -16*z + 1016634. What are the prime factors of z?
7, 83, 109
Suppose 11*s - 2*s - 9 = 0. Let z be 30/(-3)*s/(-2). Suppose z*w = -o + 134, o + 1 = -0*o. What are the prime factors of w?
3
Suppose 0 = 24*u - 105662 - 12826. List the prime factors of u.
4937
What are the prime factors of (3/21 + (-534763)/(-1435))/(2/5)?
2, 233
Let l(q) = q**3 - 46*q**2 + 28*q + 227. What are the prime factors of l(47)?
2, 7, 67
List the prime factors of -2 - (2265250/(-200))/((-1)/(-4)).
3, 15101
Suppose -v - 4*x = -0*v - 288, 2*x = -5*v + 1440. Suppose -24*w + v = -18*w. What are the prime factors of w?
2, 3
Suppose 0 = 6*v - 4*v - 3*k + 666, -v - 3*k = 324. Let n = v - -480. List the prime factors of n.
2, 3, 5
Suppose -76 = -7*i + 316. Suppose 7*x = 11*x + i. Let d = x + 81. List the prime factors of d.
67
Let p be (-1)/4 + 18/8. Let r(t) = -t**3 + t**2 + 2*t + 1. Let u be r(p). List the prime factors of 135/((-9)/(-6)*u).
2, 3, 5
Let r(b) = 73721*b**2 - 1448*b - 1448. What are the prime factors of r(-1)?
73721
Let m(j) = 3*j - 10. Let v be m(9). Suppose 2*x + 5175 = v*x. What are the prime factors of x?
3, 5, 23
List the prime factors of (((-4130784)/(-40))/(-12))/(4*(-1)/20).
3, 7, 683
Let x(l) be the third derivative of l**5/12 + 5*l**4/12 + 4*l**3/3 + 5*l**2. Suppose 3*s + 3*n = -6, n = -4*s + 7*s + 22. What are the prime factors of x(s)?
2
Let h = -113 - -125. Let s be (4 + (-666)/h)/((-1)/6). Suppose -4*r = -5*p - s - 20, -5*r - p + 375 = 0. List the prime factors of r.
2, 19
Suppose m = -2*g + 5386, m - 3584 - 1772 = 4*g. What are the prime factors of m?
2, 3, 7
Let l be (-12)/(-10)*575/10. Suppose 11 = -4*u - l. What are the prime factors of (-1815)/u - 6/8?
2, 3, 5
What are the prime factors of (-1163275)/(-45) + (120/27)/10?
3, 7, 1231
Suppose -13*s = -86*s - 2847. Suppose -2*a - 4*z = 14, -4*a + z - 1 = -0*z. Let h = a - s. List the prime factors of h.
2, 19
Let d = -471 + 673. Let o be ((-6)/(-5))/(4/10). Suppose 3*k = -2*j + 2*k + 134, -o*j - 2*k + d = 0. List the prime factors of j.
2, 3, 11
Suppose -2*i + 129 - 13 = 4*l, 134 = 5*l - 3*i. Let r(c) = -c**2 + 38*c + 60. What are the prime factors of r(l)?
2, 5, 17
Let u(z) = -z**2 + 10*z + 31. Let h be u(0). Suppose 3*t + h - 133 = 0. What are the prime factors of t?
2, 17
Let m(a) = -2*a**2 + 29*a - 3. Let s be m(14). Suppose -2*h = s*h - 26. Suppose 3*j - 580 = -4*x, -h*x - j = 3*j - 300. List the prime factors of x.
2, 71
Let t be (0/(-1) - -4) + (-73 - -70). Let p(r) = 1542*r**2 + 16*r - 14. List the prime factors of p(t).
2, 193
Let i(q) = -2*q**2 + 10*q + 9. Let s be i(6). Let m be (3/(27/s))/((-2)/6). What are the prime factors of m*(-57)/(1 - 4)?
19
Let w be 11*-2*(-6)/(-12). Let g(b) = -27*b + 1. Let l be g(w). Suppose -5*s = -3*v + l, 59 = v - s - 39. What are the prime factors of v?
2, 3
Let i be ((-36)/8)/(-9)*4. Suppose -2*k - 79 = 3*t, -2*k + 0*t = i*t + 84. Let z = k - -69. List the prime factors of z.
2, 11
Let d(a) = a**2 + 2*a + 5. Let m be d(-2). Suppose -g + 5 = -6*y + 11*y, m*y - 35 = -3*g. Suppose 264 = 2*o - 2*n, -2*n = -7*n - g. List the prime factors of o.
3, 43
Suppose -6*a + 25 + 11 = 0. Suppose h + 2*h = -2*b + a, -b = -3. Suppose -3*m + d + 317 = h, 5*d = 2*m - 62 - 171. What are the prime factors of m?
2, 13
Suppose 18*p - 200 = 26*p. Let o(i) = -48*i - 15. List the prime factors of o(p).
3, 5, 79
Suppose -5*c + 2*j + 616 + 201 = 0, -16 = -4*j. Suppose -c - 2019 = -14*k. What are the prime factors of k?
2, 3, 13
Let q = 45 + -43. Let o(i) = -4*i + 49. Let m(t) = 20*t - 245. Let y(f) = q*m(f) + 11*o(f). What are the prime factors of y(0)?
7
Let z(a) = -19*a**3 - 9*a**2 - 56*a - 73. What are the prime factors of z(-10)?
18587
Suppose -17*k + 4420 = -7*k. Let l = 680 + k. What are the prime factors of l?
2, 3, 11, 17
Suppose -4*c = 8*c + 7032. Let p = c + 1250. What are the prime factors of p?
2, 83
Suppose -74 - 178 = -9*m. Suppose -33*u + m*u = -2445. List the prime factors of u.
3, 163
Let v(r) = -5*r - 8 + r**3 - 14*r**2 + 0*r**3 - 3*r - 5*r. Let m be v(15). What are the prime factors of 4/m + (-984)/(-33)?
2, 3, 5
Let r(x) = -x**3 + 13*x**2 + 16*x + 10. Let v be r(14). Let w = -38 + v. Suppose w = -4*l - 12, 103 = 2*q + 2*l + 25. What are the prime factors of q?
2, 3, 7
Let x = 24 - 27. What are the prime fact